 -95, -4*j - 1 + 6 = -f. Suppose -14*m - 29 = -f*m. What is the remainder when 55 is divided by m?
26
Let i = 152 + -122. Calculate the remainder when 149 is divided by i.
29
Let s(k) = 6*k**2 + 10*k + 5. Calculate the remainder when s(-4) is divided by 13.
9
Let k(w) = -5*w**3 - 2*w**2 + w. Let m be k(1). Suppose -2*u + 31 = -17. What is the remainder when 10 is divided by m/(-4)*u/9?
2
Suppose -5 = -5*n + 5*s, 2*s + 2 = -n + 15. Calculate the remainder when ((-336)/60 - -7)/(1/10) is divided by n.
4
Suppose -8*n - 411 + 1187 = 0. Suppose 0 = 3*t - 8*t + 165. Calculate the remainder when n is divided by t.
31
Let y = 14 + -12. Suppose 2*o + 42 = y*j, -o - 37 = -2*j - 0*o. What is the remainder when 45 is divided by j?
13
Suppose -i = -16 - 1. What is the remainder when 67 is divided by i?
16
Suppose -3*s - 4*p = 46, -s + 3*p - 8*p - 30 = 0. Let b = 26 + s. What is the remainder when b is divided by 9?
7
Let p = 47 + -16. Suppose -7 = 4*a - p. Calculate the remainder when 17 is divided by a.
5
Let o = -2 - -5. Suppose s - 17 = 2*z, z + z = o*s - 31. What is the remainder when 16 is divided by 2 - 4/((-4)/s)?
7
Let o = -8 - -12. Let q = 12 + -4. Let n = q + -5. What is the remainder when o is divided by n?
1
Let f be 1*2 + (2 - 4). Suppose -o = -f*o - 7. Suppose 84 = 4*l + 2*d, -2*l + 5 + 45 = 5*d. Calculate the remainder when l is divided by o.
6
Suppose -5*b = -215 - 160. What is the remainder when b is divided by 39?
36
Suppose -3*w = -5*o + 470, -2*w - 322 = -4*o + 54. What is the remainder when o is divided by 24?
22
Let s = 4 - 2. What is the remainder when 19 - -2*(1 - 2) is divided by (-2 + -4)/(1 - s)?
5
Suppose -5*k + 330 + 65 = 0. What is the remainder when k is divided by 20?
19
Suppose q + r = 90 - 8, 3*q - 5*r = 222. What is the remainder when q is divided by 9/12 - (-154)/8?
19
Let s(u) = -12*u**2 + 2*u + 1. Let p be s(-1). Let x = -1 - p. Calculate the remainder when 22 is divided by x.
10
Calculate the remainder when -4 - 6*-4 - -1 is divided by 6.
3
Suppose 5*r - 4*f = 127, 6*f - 6 = 3*f. Let v(o) = o + 21. What is the remainder when r is divided by v(-6)?
12
Let y = 66 - 60. Let g = -44 + 66. Calculate the remainder when g is divided by y.
4
Suppose z = 3*c - 252, -39 = 2*c + 3*z - 218. What is the remainder when c is divided by (0/1 - 1)*-22?
19
Let d(a) = 8*a - 3. Let s be (-11)/88 - (-47)/(-8). What is the remainder when d(2) is divided by 1/(-1) + (-1 - s)?
1
Calculate the remainder when ((-381)/6 - -2)*(-4)/6 is divided by 14.
13
Let j be 1/3 + 542/(-6). Let t = -59 - j. Calculate the remainder when t is divided by 16.
15
Suppose -g + 2*a = -16, -11 + 77 = 3*g + 3*a. Let w = g + -11. Suppose -2*c + 54 = -4*i, 0 = -0*i - 2*i - 10. What is the remainder when c is divided by w?
8
Suppose -5 = -2*v + 7. Calculate the remainder when 10 is divided by v.
4
Suppose -a + 6 = -4*h + 43, 4*a = h - 13. Suppose s + 582 = -s. What is the remainder when 4/(-24) - s/18 is divided by h?
7
What is the remainder when 74 is divided by (29/5 + -1)/(15/50)?
10
Let s = 92 + -63. Suppose h + 12 = s. What is the remainder when h is divided by 17/2 + 7/14?
8
Calculate the remainder when (-1 - -20) + 0 + -1 is divided by (-3)/(-12)*-4*-7.
4
Calculate the remainder when 14 is divided by (41/(-123))/(-1 - (-11)/12).
2
Let a = -88 - -50. Let k = 67 + a. What is the remainder when k is divided by 15?
14
Let m = 83 + -13. Calculate the remainder when m is divided by (6/8)/(10/240).
16
Calculate the remainder when (-54)/(-8) - (-4)/16 is divided by 2.
1
Suppose -3*h + 7 = -3*d - 8, -4*h + 2*d + 16 = 0. Let y(t) = 2*t**2 - 4*t + 2. What is the remainder when h is divided by y(2)?
1
Let k = -11 + 20. Calculate the remainder when 15 is divided by k.
6
Let t = -15 + 16. Suppose 0 = -5*b + 3*b + 2. Calculate the remainder when t is divided by b.
0
Suppose 0*o = -o + 2. Let j(v) = v**3 + 2*v**2 - 2*v - 2. Calculate the remainder when 28 is divided by j(o).
8
What is the remainder when 74 is divided by 8/28 + (-360)/(-14)?
22
Let c = -1 + 2. What is the remainder when 43 is divided by (c - -1) + 0 + 21?
20
Let f = 184 - 126. Calculate the remainder when f is divided by 21.
16
Suppose -164 = 36*a - 40*a. Suppose 0 = -4*n - m + 324, -3*n - 5*m = -0*n - 260. What is the remainder when n is divided by a?
39
Suppose 0 = -4*t + 11*t - 112. What is the remainder when 43 is divided by t?
11
Let i = 0 - 0. Suppose -2*f + 20 + 16 = i. Calculate the remainder when 53 is divided by f.
17
Suppose -3*g + 33 = g - 3*k, -g - k + 3 = 0. What is the remainder when 17 is divided by g?
5
Let q(d) = -13*d + 4. Let y(x) = -6*x + 2. Let b(g) = -3*q(g) + 7*y(g). Suppose 0 = -5*k + k + 36. Calculate the remainder when b(-5) is divided by k.
8
Let v = -82 - -108. Calculate the remainder when v is divided by 16.
10
Let m(j) = j**2 - 6*j + 2. Let a = -2 + 5. Calculate the remainder when (-2)/a - 138/(-18) is divided by m(6).
1
Let s(z) = 36*z - 1. Calculate the remainder when s(2) is divided by 24.
23
Suppose 2*t + 6 = -6. Let k(m) = -3*m - 10. What is the remainder when k(t) is divided by 5?
3
Let i = 2 + -1. Let y be 3 - (-1)/1*i. Suppose 0 = -y*q + 5*g + 97, -4*g + 17 = 5. Calculate the remainder when q is divided by 10.
8
Let d = 35 + -32. Calculate the remainder when 9 is divided by d.
0
Let r = -47 + 64. What is the remainder when 83 is divided by r?
15
Let y be ((-2)/(-4))/(1/(-22)). Let g = y - -32. What is the remainder when 40 is divided by g?
19
Let g(z) = 3*z + 4. Suppose 4 + 14 = 2*u. Let p be 2/u - (-183)/27. What is the remainder when g(p) is divided by 9?
7
Let z = -20 + 6. Calculate the remainder when 35 is divided by z/(-56) + (-71)/(-4).
17
Let g = 71 - 31. Suppose 3*q = 4*p - 21, -4*p + 18 = q - 7. Let i(a) = a**3 - 7*a**2 + 9*a - 4. Calculate the remainder when g is divided by i(p).
12
Let p = 2 + -3. Let b = p + 1. Suppose b = 3*k - 9 - 36. Calculate the remainder when 28 is divided by k.
13
Suppose 81 = 11*r - 2*r. What is the remainder when 40 is divided by r?
4
Let j(m) = 33*m**3 - m**2 - 3*m + 3. What is the remainder when j(1) is divided by 3?
2
Let r(h) = h**3 + 7*h**2 + h + 9. Let o be r(-7). Suppose -o*m - 8 + 22 = 0. Calculate the remainder when 19 is divided by m.
5
Suppose 10*u - 98 = -18. Calculate the remainder when 23 is divided by u.
7
Suppose 2 = -d + 22. Let b(h) = 7*h**3. Calculate the remainder when d is divided by b(1).
6
Let p = 5 - 3. Suppose -3*z = -5*d - 31, p*d = 5*d + 15. Suppose x - 3 = -z*q - 0*x, -4*x = -3*q + 10. What is the remainder when 3 is divided by q?
1
Suppose d = 5*j + 2*d - 39, -2*j - 2*d = -22. Let y(z) be the second derivative of -z**3/6 - 3*z**2/2 + 2*z. What is the remainder when j is divided by y(-6)?
1
Suppose 5*w - 4*w - 27 = 0. What is the remainder when (1 - 3 - -3)*w is divided by 14?
13
Let h = -84 - -183. What is the remainder when h is divided by 20?
19
Suppose 0 = -0*p - p + 10. Let q = 49 - 5. Suppose p*r - 8*r - q = 0. What is the remainder when 64 is divided by r?
20
Suppose -k = -5*x - 37, 2*k - 38 = -2*k - 2*x. Let q = 4 - 1. Suppose 2*z - 115 = -q*z. What is the remainder when z is divided by k?
11
Let b(y) be the second derivative of y**5/20 - 7*y**4/12 + y**3/2 + 5*y**2/2 + 3*y. What is the remainder when 49 is divided by b(7)?
23
Let y(p) = p**2 - 5*p - 9. What is the remainder when y(-12) is divided by 33?
30
Suppose -5*w + w + 53 = -b, 4*w - 44 = 4*b. What is the remainder when 54 is divided by w?
12
Let p = -2 + 10. Let s = -8 - -6. Calculate the remainder when 1/2*s - -16 is divided by p.
7
What is the remainder when 73 is divided by 558/30 - 6/(-15)?
16
Suppose 4*g = -2 - 10. Calculate the remainder when 9/g + 19 + 2 is divided by 11.
7
Suppose -2*o = -o - 6. Suppose 2*x - o*x + 64 = 0. Calculate the remainder when x is divided by 9.
7
Let k be (-10 - -7)*8/6. Calculate the remainder when 43 is divided by ((-15)/1)/(-5 - k).
13
Let z(v) = 44*v**3 - v**2. Suppose 2 = -t + 3. What is the remainder when z(t) is divided by 15?
13
Suppose -30 = -2*v + 4. What is the remainder when v is divided by 6?
5
Suppose 0 = -2*i + 15 - 3. Calculate the remainder when i is divided by 4.
2
Let y = 186 - 76. Calculate the remainder when y is divided by 28.
26
Let u = 5 - 0. Suppose u*b - 210 = -5*c, -3*b - 24 - 4